s of 3243?
3, 23, 47
List the prime factors of 362.
2, 181
What are the prime factors of 1771?
7, 11, 23
List the prime factors of 457.
457
List the prime factors of 9153.
3, 113
List the prime factors of 72.
2, 3
List the prime factors of 1454.
2, 727
List the prime factors of 4142.
2, 19, 109
List the prime factors of 44219.
7, 6317
List the prime factors of 4134.
2, 3, 13, 53
List the prime factors of 2530.
2, 5, 11, 23
What are the prime factors of 2127?
3, 709
List the prime factors of 4866.
2, 3, 811
What are the prime factors of 41470?
2, 5, 11, 13, 29
What are the prime factors of 4502?
2, 2251
List the prime factors of 37740.
2, 3, 5, 17, 37
What are the prime factors of 9112?
2, 17, 67
What are the prime factors of 77648?
2, 23, 211
What are the prime factors of 1015?
5, 7, 29
What are the prime factors of 134512?
2, 7, 1201
List the prime factors of 9645.
3, 5, 643
List the prime factors of 2005.
5, 401
What are the prime factors of 9390?
2, 3, 5, 313
What are the prime factors of 31554?
2, 3, 1753
List the prime factors of 3523.
13, 271
What are the prime factors of 9119?
11, 829
List the prime factors of 54335.
5, 10867
List the prime factors of 5281.
5281
List the prime factors of 42203.
7, 6029
List the prime factors of 1546.
2, 773
List the prime factors of 4360.
2, 5, 109
What are the prime factors of 1110?
2, 3, 5, 37
What are the prime factors of 151?
151
List the prime factors of 45462.
2, 3, 7577
What are the prime factors of 100928?
2, 19, 83
What are the prime factors of 41975?
5, 23, 73
What are the prime factors of 1022?
2, 7, 73
What are the prime factors of 7438?
2, 3719
What are the prime factors of 51688?
2, 7, 13, 71
What are the prime factors of 276?
2, 3, 23
List the prime factors of 7059.
3, 13, 181
What are the prime factors of 1362?
2, 3, 227
What are the prime factors of 3096?
2, 3, 43
List the prime factors of 8236.
2, 29, 71
List the prime factors of 2265.
3, 5, 151
What are the prime factors of 136?
2, 17
List the prime factors of 1581.
3, 17, 31
List the prime factors of 24839.
59, 421
What are the prime factors of 3556?
2, 7, 127
List the prime factors of 562.
2, 281
List the prime factors of 10607.
10607
List the prime factors of 41357.
41357
List the prime factors of 11123.
7, 227
List the prime factors of 16046.
2, 71, 113
What are the prime factors of 6667?
59, 113
What are the prime factors of 2232?
2, 3, 31
List the prime factors of 324.
2, 3
List the prime factors of 37520.
2, 5, 7, 67
List the prime factors of 36343.
36343
What are the prime factors of 8271?
3, 919
List the prime factors of 15301.
11, 13, 107
What are the prime factors of 272?
2, 17
List the prime factors of 705.
3, 5, 47
What are the prime factors of 5993?
13, 461
What are the prime factors of 234?
2, 3, 13
What are the prime factors of 10647?
3, 7, 13
List the prime factors of 980.
2, 5, 7
What are the prime factors of 13461?
3, 7, 641
List the prime factors of 8006.
2, 4003
List the prime factors of 117610.
2, 5, 19, 619
What are the prime factors of 60918?
2, 3, 11, 13, 71
What are the prime factors of 76315?
5, 15263
What are the prime factors of 1952?
2, 61
What are the prime factors of 45491?
45491
List the prime factors of 35097.
3, 11699
What are the prime factors of 2090?
2, 5, 11, 19
What are the prime factors of 7582?
2, 17, 223
What are the prime factors of 2809?
53
List the prime factors of 24608.
2, 769
What are the prime factors of 112?
2, 7
List the prime factors of 275.
5, 11
What are the prime factors of 1832?
2, 229
What are the prime factors of 1321?
1321
What are the prime factors of 43?
43
List the prime factors of 26698.
2, 7, 1907
What are the prime factors of 21757?
21757
List the prime factors of 3287.
19, 173
What are the prime factors of 5934?
2, 3, 23, 43
List the prime factors of 13591.
13591
List the prime factors of 6960.
2, 3, 5, 29
List the prime factors of 1670.
2, 5, 167
List the prime factors of 35459.
59, 601
What are the prime factors of 1108?
2, 277
List the prime factors of 133799.
67, 1997
What are the prime factors of 131?
131
What are the prime factors of 22331?
137, 163
List the prime factors of 3343.
3343
What are the prime factors of 28424?
2, 11, 17, 19
List the prime factors of 31475.
5, 1259
What are the prime factors of 90116?
2, 13, 1733
List the prime factors of 377.
13, 29
List the prime factors of 2939.
2939
List the prime factors of 4002.
2, 3, 23, 29
List the prime factors of 1927.
41, 47
List the prime factors of 2724.
2, 3, 227
List the prime factors of 224.
2, 7
What are the prime factors of 7660?
2, 5, 383
List the prime factors of 15896.
2, 1987
What are the prime factors of 5460?
2, 3, 5, 7, 13
List the prime factors of 3868.
2, 967
What are the prime factors of 21123?
3, 2347
List the prime factors of 33700.
2, 5, 337
List the prime factors of 4741.
11, 431
List the prime factors of 2103.
3, 701
What are the prime factors of 69216?
2, 3, 7, 103
What are the prime factors of 2502?
2, 3, 139
What are the prime factors of 2481?
3, 827
What are the prime factors of 14426?
2, 7213
List the prime factors of 560.
2, 5, 7
List the prime factors of 2333.
2333
List the prime factors of 59350.
2, 5, 1187
What are the prime factors of 2846?
2, 1423
What are the prime factors of 24304?
2, 7, 31
What are the prime factors of 33637?
33637
What are the prime factors of 96711?
3, 32237
What are the prime factors of 8003?
53, 151
What are the prime factors of 4158?
2, 3, 7, 11
What are the prime factors of 521?
521
List the prime factors of 367.
367
What are the prime factors of 727?
727
What are the prime factors of 1198?
2, 599
What are the prime factors of 1709?
1709
What are the prime factors of 2454?
2, 3, 409
List the prime factors of 27642.
2, 3, 17, 271
What are the prime factors of 63050?
2, 5, 13, 97
List the prime factors of 770.
2, 5, 7, 11
List the prime factors of 169.
13
What are the prime factors of 248?
2, 31
List the prime factors of 46126.
2, 23063
List the prime factors of 1780.
2, 5, 89
List the prime factors of 1411.
17, 83
What are the prime factors of 5335?
5, 11, 97
What are the prime factors of 23?
23
List the prime factors of 58.
2, 29
List the prime factors of 886.
2, 443
What are the prime factors of 16360?
2, 5, 409
List the prime factors of 6033.
3, 2011
List the prime factors of 17366.
2, 19, 457
List the prime factors of 5188.
2, 1297
List the prime factors of 23944.
2, 41, 73
What are the prime factors of 21529?
21529
List the prime factors of 18473.
7, 13, 29
List the prime factors of 70629.
3, 13, 1811
What are the prime factors of 1072?
2, 67
List the prime factors of 171631.
59, 2909
What are the prime factors of 2122?
2, 1061
List the prime factors of 2476.
2, 619
What are the prime factors of 668?
2, 167
List the prime factors of 1142.
2, 571
What are the prime factors of 6786?
2, 3, 13, 29
List the prime factors of 1683.
3, 11, 17
What are the prime factors of 12797?
67, 191
List the prime factors of 7336.
2, 7, 131
List the prime factors of 459.
3, 17
What are the prime factors of 1899?
3, 211
List the prime factors of 1609.
1609
What are the prime factors of 13123?
11, 1193
What are the prime factors of 909?
3, 101
List the prime factors of 3489.
3, 1163
What are the prime factors of 5597?
29, 193
What are the prime factors of 28424?
2, 11, 17, 19
List the prime factors of 11810.
2, 5, 1181
List the prime factors of 80409.
3, 7, 547
What are the prime factors of 438?
2, 3, 73
What are the prime factors of 694?
2, 347
List the prime factors of 1154.
2, 577
List the prime factors of 50051.
50051
List the prime factors of 3051.
3, 113
List the prime factors of 177639.
3, 7, 11, 769
What are the prime factors of 102?
2, 3, 17
List the prime factors of 3620.
2, 5, 181
List the prime factors of 66.
2, 3, 11
List the prime factors of 26049.
3, 19, 457
What are the prime factors of 9956?
2, 19, 131
What are the prime factors of 122223?
3, 131, 311
What are the prime factors of 5070?
2, 3, 5, 13
List the prime factors of 83457.
3, 11, 281
What are the prime factors of 2218?
2, 1109
List the prime factors of 2263.
31, 73
List the prime factors of 2695.
5, 7, 11
What are the prime factors of 2185?
5, 19, 23
List the prime factors of 1739.
37, 47
